*x + 47. Give d(26).
-187
Let j(k) = -16*k + 737. Give j(41).
81
Let j(u) = u**3 - 6*u**2 - 30*u + 48. What is j(10)?
148
Let s(c) = -c**3 - 16*c**2 - 12*c + 43. What is s(-11)?
-430
Let q(m) = 201*m - 7101. What is q(36)?
135
Let q(d) = 3*d**3 - 60*d**2 - 60*d + 20. What is q(21)?
83
Let f(a) = -12*a**2 + 96*a + 105. What is f(9)?
-3
Let u(i) = 5*i**2 - 15*i + 33. Determine u(9).
303
Let h(d) = -5*d**2 - 18*d - 10. Give h(-13).
-621
Let h(s) = 58*s**3 - 7*s**2 + 15*s + 7. Give h(2).
473
Let w(v) = -v**3 + 5*v**2 - 9*v + 48. Calculate w(5).
3
Let x(c) = -10*c**3 - 69*c**2 + 18*c + 61. What is x(-7)?
-16
Let m(s) = 123*s + 526. What is m(-5)?
-89
Let b(a) = -146*a + 3495. What is b(24)?
-9
Let v(p) = 51*p - 304. Calculate v(5).
-49
Let f(z) = 2*z**2 - 338*z - 16693. Give f(209).
27
Let y(i) = -87*i - 13. Give y(4).
-361
Let x(a) = 2496*a - 47421. Give x(19).
3
Let u(l) = 3*l**3 - 37*l**2 + 4*l + 122. Give u(12).
26
Let y(v) = -132*v + 1051. Calculate y(8).
-5
Let d(z) = -19*z**2 - 52*z + 18. Calculate d(-3).
3
Let v(d) = 4*d**2 - 41*d + 221. Calculate v(7).
130
Let l(g) = 18*g**3 + 2*g**2 - g - 1. What is l(1)?
18
Let a(o) = 41*o - 136. Give a(-10).
-546
Let j(v) = 5*v - 483. What is j(87)?
-48
Let l(m) = -7*m**2 - 502*m + 247. Give l(-72).
103
Let d(o) = -o**3 + 11*o**2 - 8*o + 31. Determine d(6).
163
Let u(r) = 12*r - 44. What is u(3)?
-8
Let u(z) = z**3 - 643*z - 855. What is u(26)?
3
Let k(j) = -10*j - 447. Calculate k(-48).
33
Let s(j) = -j**2 - 51*j + 12921. Give s(-143).
-235
Let b(n) = -2*n**3 - 27*n**2 + 37*n + 464. Give b(-14).
142
Let n(c) = 9*c**3 + 441*c**2 + c + 39. Calculate n(-49).
-10
Let l(v) = 148*v - 2377. Determine l(16).
-9
Let o(g) = -114*g - 4242. What is o(-37)?
-24
Let j(n) = -3*n**3 - 226*n**2 + 625*n + 91. Determine j(-78).
13
Let i(v) = 22*v - 172. Calculate i(13).
114
Let d(a) = -6*a**2 - 33*a + 355. Calculate d(-11).
-8
Let d(l) = l**3 - 59*l**2 - 2440*l + 348. Determine d(87).
0
Let j(x) = 163*x + 2029. What is j(-12)?
73
Let t(c) = 8*c**3 + 112*c**2 + 269*c + 35. Determine t(-11).
-20
Let q(y) = -5*y**2 - 8*y - 45. Calculate q(-3).
-66
Let h(w) = -w**3 - 19*w**2 + 44*w + 8. Calculate h(-21).
-34
Let k(t) = 40*t**2 + 25*t - 50. What is k(2)?
160
Let k(d) = 51*d + 470. Calculate k(-9).
11
Let m(b) = 2*b**3 + 18*b**2 + 13*b - 12. What is m(-7)?
93
Let x(i) = -2*i**3 + 4*i**2 - 9*i + 332. What is x(6)?
-10
Let h(n) = 56*n + 824. Give h(-14).
40
Let s(p) = 176*p - 1261. Determine s(7).
-29
Let i(g) = g**3 - 12*g**2 + 380*g - 2785. Calculate i(8).
-1
Let j(w) = -4*w**3 - 3*w**2 - 3*w + 10. Calculate j(4).
-306
Let i(d) = 7531*d + 22537. Give i(-3).
-56
Let n(j) = -3*j**2 + 41*j + 16. Determine n(11).
104
Let o(w) = 3*w**2 + 3*w - 108. Determine o(6).
18
Let c(x) = 3*x**2 - 212*x + 239. Give c(71).
310
Let m(l) = 132*l**2 - 14*l - 6. Determine m(-2).
550
Let j(v) = 2*v**3 + 31*v**2 - 5*v + 152. Calculate j(-16).
-24
Let f(y) = -y**3 - 130*y**2 - 618*y + 814. Give f(-125).
-61
Let b(q) = 2*q**2 + q - 56. Give b(-7).
35
Let o(z) = 3*z**3 - 422*z**2 + 283*z - 410. What is o(140)?
10
Let y(t) = -t**2 + 3*t + 42. What is y(-5)?
2
Let c(n) = n**2 - 60*n - 9504. Give c(132).
0
Let y(r) = 5*r**3 + 101*r**2 + 18*r - 22. Determine y(-20).
18
Let z(o) = -18*o**2 + 326*o - 36. Determine z(18).
0
Let u(x) = -x**3 + 95*x**2 - 120*x + 2437. What is u(94)?
-7
Let w(x) = 2*x**3 + 98*x**2 - 114*x - 690. What is w(-50)?
10
Let n(u) = -23*u**2 + 3497*u - 221. Determine n(152).
-69
Let c(r) = -56*r + 1490. Give c(36).
-526
Let f(c) = -c**3 + 9*c**2 + 47*c - 113. Determine f(9).
310
Let k(i) = i**2 + 27*i + 174. Give k(-15).
-6
Let g(k) = 92*k - 1074. Determine g(10).
-154
Let n(g) = 55*g - 2475. Determine n(45).
0
Let c(o) = 2*o**2 - 187*o + 2998. Determine c(73).
5
Let u(f) = 36*f + 155. What is u(9)?
479
Let h(l) = -26*l**2 - 369*l - 42. Give h(-14).
28
Let y(r) = 13*r**2 - 5*r + 35. What is y(-6)?
533
Let r(w) = 2*w**3 + 14*w**2 - 34*w - 135. What is r(-8)?
9
Let f(m) = -196*m - 4714. Determine f(-24).
-10
Let w(o) = 132*o**2 + 1846*o - 75. Give w(-14).
-47
Let g(i) = -i**3 + 5*i**2 - 5*i + 11. Calculate g(-6).
437
Let r(f) = 2*f**2 + 191*f + 2347. Calculate r(-81).
-2
Let v(i) = -65*i + 4884. What is v(75)?
9
Let j(k) = 13*k**3 - 55*k - 54. What is j(-1)?
-12
Let w(f) = 8*f + 391. Determine w(-52).
-25
Let a(c) = -c**3 + 19*c**2 - 101*c + 177. Determine a(5).
22
Let y(r) = -21*r**3 - r**2 + 3*r + 1. What is y(1)?
-18
Let x(u) = u**2 + 449*u - 15397. What is x(32)?
-5
Let d(t) = -t**3 + 4*t**2 + 34*t - 81. What is d(7)?
10
Let r(k) = -8*k**2 + 201*k + 15. Determine r(25).
40
Let w(j) = -j**3 - 22*j**2 - 108*j - 22. What is w(-7)?
-1
Let l(i) = 15*i - 724. Determine l(47).
-19
Let t(i) = 2*i**3 - 59*i**2 + 10*i + 623. Calculate t(29).
72
Let i(d) = d**2 - 20*d + 85. Calculate i(9).
-14
Let o(p) = 1551*p + 29. Calculate o(0).
29
Let z(v) = -v**3 + 81*v**2 - 167*v + 655. Give z(79).
-56
Let c(t) = -12*t**3 + 1702*t**2 + 277*t + 996. What is c(142)?
2
Let r(d) = -36*d + 871. Determine r(24).
7
Let v(h) = h**3 + 19*h**2 + 67*h - 24. Calculate v(-14).
18
Let l(n) = 92*n - 366. Calculate l(3).
-90
Let z(h) = -h**3 + 37*h**2 + 75*h - 49. Give z(39).
-166
Let u(z) = -4*z**3 + 107*z**2 - 172*z - 29. Give u(25).
46
Let o(y) = y**2 + 105*y + 839. Determine o(-96).
-25
Let w(v) = -v**2 - 6*v - 90. Calculate w(-3).
-81
Let p(j) = 13*j**2 + 30*j - 89. Calculate p(3).
118
Let v(t) = -2*t**3 - 277*t**2 - 134*t + 154. What is v(-138)?
-398
Let o(j) = 2*j**3 - 6*j**2 - 56*j - 14. What is o(7)?
-14
Let f(c) = 2*c**2 - 171*c - 884. What is f(-5)?
21
Let c(t) = -4*t**3 - 2*t**2 + 8*t + 11. Determine c(-3).
77
Let y(l) = -2*l**2 + 66*l - 202. What is y(3)?
-22
Let g(d) = d**2 + 30*d + 29. What is g(-30)?
29
Let a(k) = -164*k + 1488. What is a(10)?
-152
Let r(u) = -8*u + 238. What is r(24)?
46
Let m(y) = y**3 + 17*y**2 - 9*y - 393. Calculate m(-16).
7
Let h(g) = 1954*g - 91838. Give h(47).
0
Let b(y) = -489*y - 2455. Give b(-5).
-10
Let x(j) = 13*j**2 - 887*j + 209. Give x(68).
5
Let j(o) = -17*o**2 - 78*o + 15. Give j(-5).
-20
Let o(x) = -60*x - 3542. What is o(-59)?
-2
Let u(h) = 2443*h - 68403. Calculate u(28).
1
Let w(o) = -o**2 - 188*o - 6812. Give w(-49).
-1
Let r(j) = 20*j**3 + j**2 + 21*j + 51. What is r(-2)?
-147
Let a(w) = -6*w**3 + 93*w**2 - 306*w + 89. What is a(11)?
-10
Let h(q) = -36*q - 825. Calculate h(-23).
3
Let h(w) = -23*w**3 - 65*w**2 - 99*w - 35. Determine h(-1).
22
Let g(o) = -o**3 + 126*o**2 + 125*o + 268. Give g(127).
14
Let l(v) = 173*v - 281. Give l(1).
-108
Let w(c) = 2*c**3 + 245*c**2 - 629*c - 504. Determine w(-125).
-4
Let d(g) = g**3 - 26*g**2 + 125*g + 2. Determine d(7).
-54
Let t(v) = 3*v**3 + 166*v**2 + 370*v - 43. Give t(-53).
10
Let w(d) = -1040*d - 9364. Calculate w(-9).
-4
Let b(k) = -2*k**2 + 62*k - 129. What is b(28)?
39
Let n(d) = 66*d - 163. Give n(3).
35
Let u(j) = -654*j - 52940. Calculate u(-81).
34
Let f(t) = 296*t + 1473. Calculate f(-5).
-7
Let m(y) = y**2 - 12*y - 54. Determine m(18).
54
Let k(p) = 12*p + 161. What is k(-14)?
-7
Let k(s) = s**2 + 111*s + 843. Determine k(-8).
19
Let z(s) = s**3 - 21*s**2 - 14*s + 259. Give z(21).
-35
Let b(g) = -92*g - 3513. Calculate b(-38).
-17
Let t(m) = -7288*m + 21864. Calculate t(3).
0
Let t(z) = -112*z - 3182. Give t(-28).
-46
Let z(l) = 499*l - 7976. What is z(16)?
8
Let y(p) = -p**3 - 13*p**2 + 4*p - 1. Calculate y(-11).
-287
Let g(n) = 52*n + 1866. What is g(-40)?
-214
Let u(j) = 4*j**3 - 41*j**2 - 301*j + 2. Give u(-5).
-18
Let k(h) = h**3 - 238*h**2 + 2705*h + 1600. What is k(226)?
18
Let b(i) = -i**3 - 25*i**2 - 25*i + 19. Give b(-24).
43
Let c(x) = -x - 7. Determine c(-33).
26
Let n(v) = 7709*v + 77061. Give n(-10).
-29
Let l(t) = 18*t**2 - 35*t + 136. Give l(3).
193
Let t(c) = -35*c - 3413. Give t(-97).
-18
Let o(s) = 8*s**2 + 13*s - 49. Give o(2).
9
Let i(m) = -m**3 + 37*m**2 - 18*m - 146. Give i(36).
502
Let x(a) = -a**3 - 10*a**2 - 8*a - 19. What is x(-5)?
-104
Let a(m) = m**2 + 39*m + 165. Give a(-5).
-5
Let d(n) = -11*n - 962. Calculate d(-64).
-258
Let s(g) = -502*g + 32611. Calculate s(65).
-19
Let g(x) = 91*x - 635. Determine g(7).
2
Let w(i) = -253*i - 883. Determine w(-3).
-124
Let q(k) = -633*k - 3772. Give q(-6).
26
Let a(m) = 23*m + 8. What is a